{"id":12,"date":"2017-04-28T19:35:05","date_gmt":"2017-04-28T19:35:05","guid":{"rendered":"https:\/\/demo.maipro.io\/lifestyle\/?page_id=12"},"modified":"2025-11-25T00:34:55","modified_gmt":"2025-11-24T23:34:55","slug":"mai-theme","status":"publish","type":"page","link":"https:\/\/carlosmunozgonzalez.com\/litosasturias\/","title":{"rendered":"Home"},"content":{"rendered":"<h1 style=\"text-align: center;\">Bienvenido a mi antiguo Blog de Viajes<\/h1>\n<p style=\"text-align: center;\">Explora los art\u00edculos que escrib\u00ed sobre los pa\u00edses que visit\u00e9 durante mi vuelta al mundo por 7 a\u00f1os ininterrumpidos.<\/p>\n<div class=\"flex-grid\"><div class=\"row gutter-md\"><div class=\"flex-entry entry col col-xs-12 col-sm-4 boxed aspect-ratio has-bg-image has-bg-link has-overlay light-content\" style=\"--aspect-ratio:350\/263;\"><div class=\"aspect-outer\"><div class=\"aspect-inner column middle-xs center-xs text-xs-center\"><picture class=\"bg-picture\"><source data-srcset=\"https:\/\/carlosmunozgonzalez.com\/litosasturias\/wp-content\/uploads\/2020\/08\/mapa-mundo02-260x195.jpg?wsr\" media=\"(max-width: 260px)\"><img decoding=\"async\" width=\"350\" height=\"263\" data-src=\"https:\/\/carlosmunozgonzalez.com\/litosasturias\/wp-content\/uploads\/2020\/08\/mapa-mundo02-350x263.jpg?wsr\" class=\"wp-post-image bg-image lazyload\" alt=\"\" data-srcset=\"https:\/\/carlosmunozgonzalez.com\/litosasturias\/wp-content\/uploads\/2020\/08\/mapa-mundo02-350x263.jpg 350w, https:\/\/carlosmunozgonzalez.com\/litosasturias\/wp-content\/uploads\/2020\/08\/mapa-mundo02-260x195.jpg 260w\" data-sizes=\"(max-width: 350px) 100vw, 350px\" src=\"data:image\/svg+xml;base64,PHN2ZyB3aWR0aD0iMSIgaGVpZ2h0PSIxIiB4bWxucz0iaHR0cDovL3d3dy53My5vcmcvMjAwMC9zdmciPjwvc3ZnPg==\" style=\"--smush-placeholder-width: 350px; --smush-placeholder-aspect-ratio: 350\/263;\" \/><\/picture><span class=\"overlay overlay-dark\"><\/span><header class=\"entry-header\"><h3 class=\"entry-title\" itemprop=\"headline\"><a href=\"https:\/\/carlosmunozgonzalez.com\/litosasturias\/category\/vuelta-al-mundo\/\" title=\"Vuelta al Mundo 2009-2016\">Vuelta al Mundo 2009-2016<\/a><\/h3><\/header><a class=\"bg-link\" href=\"https:\/\/carlosmunozgonzalez.com\/litosasturias\/category\/vuelta-al-mundo\/\"><span class=\"screen-reader-text\" aria-hidden=\"true\">Vuelta al Mundo 2009-2016<\/span><\/a><\/div><\/div><\/div><div class=\"flex-entry entry col col-xs-12 col-sm-4 boxed aspect-ratio has-bg-image has-bg-link has-overlay light-content\" style=\"--aspect-ratio:350\/263;\"><div class=\"aspect-outer\"><div class=\"aspect-inner column middle-xs center-xs text-xs-center\"><picture class=\"bg-picture\"><source data-srcset=\"https:\/\/carlosmunozgonzalez.com\/litosasturias\/wp-content\/uploads\/2020\/08\/sur-america02-260x195.jpg?wsr\" media=\"(max-width: 260px)\"><img decoding=\"async\" width=\"350\" height=\"263\" data-src=\"https:\/\/carlosmunozgonzalez.com\/litosasturias\/wp-content\/uploads\/2020\/08\/sur-america02-350x263.jpg?wsr\" class=\"wp-post-image bg-image lazyload\" alt=\"\" data-srcset=\"https:\/\/carlosmunozgonzalez.com\/litosasturias\/wp-content\/uploads\/2020\/08\/sur-america02-350x263.jpg 350w, https:\/\/carlosmunozgonzalez.com\/litosasturias\/wp-content\/uploads\/2020\/08\/sur-america02-260x195.jpg 260w\" data-sizes=\"(max-width: 350px) 100vw, 350px\" src=\"data:image\/svg+xml;base64,PHN2ZyB3aWR0aD0iMSIgaGVpZ2h0PSIxIiB4bWxucz0iaHR0cDovL3d3dy53My5vcmcvMjAwMC9zdmciPjwvc3ZnPg==\" style=\"--smush-placeholder-width: 350px; --smush-placeholder-aspect-ratio: 350\/263;\" \/><\/picture><span class=\"overlay overlay-dark\"><\/span><header class=\"entry-header\"><h3 class=\"entry-title\" itemprop=\"headline\"><a href=\"https:\/\/carlosmunozgonzalez.com\/litosasturias\/category\/mis-primeros-pasos-america-latina\/\" title=\"Mis primeros pasos 2002\">Mis primeros pasos 2002<\/a><\/h3><\/header><a class=\"bg-link\" href=\"https:\/\/carlosmunozgonzalez.com\/litosasturias\/category\/mis-primeros-pasos-america-latina\/\"><span class=\"screen-reader-text\" aria-hidden=\"true\">Mis primeros pasos 2002<\/span><\/a><\/div><\/div><\/div><div class=\"flex-entry entry col col-xs-12 col-sm-4 boxed aspect-ratio has-bg-image has-bg-link has-overlay light-content\" style=\"--aspect-ratio:350\/263;\"><div class=\"aspect-outer\"><div class=\"aspect-inner column middle-xs center-xs text-xs-center\"><picture class=\"bg-picture\"><source data-srcset=\"https:\/\/carlosmunozgonzalez.com\/litosasturias\/wp-content\/uploads\/2020\/08\/america02-260x195.jpg?wsr\" media=\"(max-width: 260px)\"><img decoding=\"async\" width=\"350\" height=\"263\" data-src=\"https:\/\/carlosmunozgonzalez.com\/litosasturias\/wp-content\/uploads\/2020\/08\/america02-350x263.jpg?wsr\" class=\"wp-post-image bg-image lazyload\" alt=\"\" data-srcset=\"https:\/\/carlosmunozgonzalez.com\/litosasturias\/wp-content\/uploads\/2020\/08\/america02-350x263.jpg 350w, https:\/\/carlosmunozgonzalez.com\/litosasturias\/wp-content\/uploads\/2020\/08\/america02-260x195.jpg 260w\" data-sizes=\"(max-width: 350px) 100vw, 350px\" src=\"data:image\/svg+xml;base64,PHN2ZyB3aWR0aD0iMSIgaGVpZ2h0PSIxIiB4bWxucz0iaHR0cDovL3d3dy53My5vcmcvMjAwMC9zdmciPjwvc3ZnPg==\" style=\"--smush-placeholder-width: 350px; --smush-placeholder-aspect-ratio: 350\/263;\" \/><\/picture><span class=\"overlay overlay-dark\"><\/span><header class=\"entry-header\"><h3 class=\"entry-title\" itemprop=\"headline\"><a href=\"https:\/\/carlosmunozgonzalez.com\/litosasturias\/category\/de-vuelta-al-continente-americano\/\" title=\"De vuelta al continente Americano 2005\">De vuelta al continente Americano 2005<\/a><\/h3><\/header><a class=\"bg-link\" href=\"https:\/\/carlosmunozgonzalez.com\/litosasturias\/category\/de-vuelta-al-continente-americano\/\"><span class=\"screen-reader-text\" aria-hidden=\"true\">De vuelta al continente Americano 2005<\/span><\/a><\/div><\/div><\/div><\/div><\/div>\n","protected":false},"excerpt":{"rendered":"<p>Bienvenido a mi antiguo Blog de Viajes Explora los art\u00edculos que escrib\u00ed sobre los pa\u00edses que visit\u00e9 durante mi vuelta al mundo por 7 a\u00f1os ininterrumpidos.<\/p>\n","protected":false},"author":1,"featured_media":3020,"parent":0,"menu_order":0,"comment_status":"closed","ping_status":"closed","template":"sections.php","meta":{"_genesis_hide_title":false,"_genesis_hide_breadcrumbs":false,"_genesis_hide_singular_image":false,"_genesis_hide_footer_widgets":false,"_genesis_custom_body_class":"","_genesis_custom_post_class":"","_genesis_layout":"full-width-content","footnotes":""},"class_list":{"0":"post-12","1":"page","2":"type-page","3":"status-publish","4":"has-post-thumbnail","6":"entry"},"_links":{"self":[{"href":"https:\/\/carlosmunozgonzalez.com\/litosasturias\/wp-json\/wp\/v2\/pages\/12","targetHints":{"allow":["GET"]}}],"collection":[{"href":"https:\/\/carlosmunozgonzalez.com\/litosasturias\/wp-json\/wp\/v2\/pages"}],"about":[{"href":"https:\/\/carlosmunozgonzalez.com\/litosasturias\/wp-json\/wp\/v2\/types\/page"}],"author":[{"embeddable":true,"href":"https:\/\/carlosmunozgonzalez.com\/litosasturias\/wp-json\/wp\/v2\/users\/1"}],"replies":[{"embeddable":true,"href":"https:\/\/carlosmunozgonzalez.com\/litosasturias\/wp-json\/wp\/v2\/comments?post=12"}],"version-history":[{"count":124,"href":"https:\/\/carlosmunozgonzalez.com\/litosasturias\/wp-json\/wp\/v2\/pages\/12\/revisions"}],"predecessor-version":[{"id":15868,"href":"https:\/\/carlosmunozgonzalez.com\/litosasturias\/wp-json\/wp\/v2\/pages\/12\/revisions\/15868"}],"wp:featuredmedia":[{"embeddable":true,"href":"https:\/\/carlosmunozgonzalez.com\/litosasturias\/wp-json\/wp\/v2\/media\/3020"}],"wp:attachment":[{"href":"https:\/\/carlosmunozgonzalez.com\/litosasturias\/wp-json\/wp\/v2\/media?parent=12"}],"curies":[{"name":"wp","href":"https:\/\/api.w.org\/{rel}","templated":true}]}}